7*d**2 - 2*d - 4. Give o(-1).
5
Let y(u) = -u - 33. Give y(0).
-33
Let x(g) = 3*g**2 + 13*g - 25. What is x(-6)?
5
Let b(x) = x - 1. Give b(13).
12
Let v(m) = m**3 + 22*m**2 - 6*m - 18. What is v(-22)?
114
Let a(j) = -26*j + 20. What is a(2)?
-32
Let g(o) = o**3 + 12*o**2 - 8*o + 40. Give g(-13).
-25
Let c(n) = 2*n**2 - 34*n + 35. Give c(1).
3
Let c(v) = -v**2 - 4*v - 17. Give c(-7).
-38
Let q(p) = 3*p**2 + 5*p - 4. Calculate q(-4).
24
Let j(b) = b - 62. Give j(22).
-40
Let n(i) = -11*i - 6. What is n(1)?
-17
Let r(u) = u + 53. Determine r(7).
60
Let i(v) = 3*v**3 - v**2 + v - 1. What is i(-2)?
-31
Let j(c) = 13*c - 205. Calculate j(17).
16
Let u(p) = p**2 - 6*p - 13. Determine u(7).
-6
Let r(t) = 16*t - 245. What is r(15)?
-5
Let k(g) = -49*g**2 + 2*g - 2. What is k(1)?
-49
Let f(y) = -6*y**3 + 2*y**2 - 2*y - 2. What is f(-1)?
8
Let a(z) = 12*z - 44. Calculate a(4).
4
Let m(u) = -28*u - 118. Determine m(-6).
50
Let m(w) = -3*w - 48. What is m(-2)?
-42
Let v(y) = y**3 - 7*y**2 - y - 1. Give v(4).
-53
Let z(t) = t**3 + 8*t**2 - 6*t + 134. Give z(-10).
-6
Let y(t) = -2*t**3 + t**2 + 4*t - 2. Determine y(2).
-6
Let p(f) = -f**3 + 10*f**2 + 12. Determine p(10).
12
Let o(t) = -t**2 - 16*t - 22. What is o(-14)?
6
Let z(m) = -m**3 - 10*m**2 - 8. Determine z(-10).
-8
Let c(d) = d - 2. Give c(15).
13
Let u(j) = -j**3 - 4*j**2 - 4*j - 10. Give u(-4).
6
Let k(j) = -j**2 + 1. Determine k(-2).
-3
Let s(j) = 3*j**3 - 2*j**2 - 6*j - 27. What is s(-3)?
-108
Let r(s) = s**3 - 7*s**2 + 4*s - 17. Calculate r(7).
11
Let o(k) = -3*k + 53. Determine o(-24).
125
Let s(i) = 2*i**2 + 19*i + 6. Give s(-9).
-3
Let x(c) = 3*c - 83. Determine x(26).
-5
Let n(j) = -j**3 + 5*j**2 + 3*j - 5. Calculate n(5).
10
Let s(g) = g - 10. What is s(0)?
-10
Let r(d) = d**2 - 6*d + 15. Determine r(10).
55
Let f(k) = -7*k. Determine f(1).
-7
Let s(r) = -r**3 - 10*r**2 - 13*r - 17. Give s(-9).
19
Let s(n) = -2*n**3 + 7*n**2 - 4*n + 4. Determine s(2).
8
Let r(n) = 29*n**2 + 7*n + 13. Give r(-2).
115
Let o(q) = -3*q**2 + 72*q + 155. What is o(26)?
-1
Let m(y) = -y + 31. What is m(9)?
22
Let v(h) = -h**2 + 26. Calculate v(5).
1
Let x(g) = -2*g**2 - 49*g + 141. Determine x(-27).
6
Let m(w) = w**2 - 14*w + 6. Calculate m(13).
-7
Let w(v) = v**3 + 12*v**2 - 47*v + 34. Calculate w(-15).
64
Let f(j) = 75*j + 3. Give f(1).
78
Let c(i) = i**2 + 11*i + 3. What is c(-9)?
-15
Let u(g) = 5*g + 2. Calculate u(1).
7
Let l(x) = -8*x - 9. What is l(-5)?
31
Let m(i) = 2*i**2 - 5*i + 3. Calculate m(2).
1
Let q(c) = 29*c + 1. Determine q(1).
30
Let k(y) = -2*y**2 + 29*y + 2. Calculate k(15).
-13
Let a(w) = -24*w + 61. Calculate a(4).
-35
Let g(v) = -v**3 - 2*v**2 - 4*v - 2. Calculate g(-2).
6
Let x(q) = -q**2 + 24*q - 42. Calculate x(22).
2
Let b(x) = -7*x - 19. What is b(-3)?
2
Let m(w) = -w**2 + 12*w - 14. Calculate m(4).
18
Let r(x) = 2*x + 30. Determine r(-6).
18
Let m(y) = -y**2 - 57*y + 112. Calculate m(-59).
-6
Let t(g) = -g - 7. Determine t(-8).
1
Let r(n) = n**2 - 11*n + 9. What is r(10)?
-1
Let c(z) = 4*z**2. Calculate c(2).
16
Let c(y) = 11*y + 30. What is c(-7)?
-47
Let q(c) = -c**2 + 24*c - 45. Calculate q(22).
-1
Let k(i) = -3*i - 13. Determine k(-4).
-1
Let j(i) = 6*i**2 - 3*i + 8. Calculate j(2).
26
Let l(n) = 17*n + 99. Calculate l(-7).
-20
Let y(g) = -3*g**2 - g + 1. Determine y(-4).
-43
Let f(r) = -11*r + 2. What is f(1)?
-9
Let b(m) = m**3 + 7*m**2 - 12*m - 8. Calculate b(-8).
24
Let w(n) = n**3 + 10*n**2 - 6*n + 62. Calculate w(-11).
7
Let m(y) = 2*y + 45. Calculate m(-20).
5
Let m(b) = -b**3 + 6*b**2 + 10*b - 17. Give m(7).
4
Let w(t) = -t**3 + 9*t**2 + 12*t - 8. What is w(10)?
12
Let j(g) = 6*g**2 - 5*g - 7. Give j(-3).
62
Let a(v) = -10*v + 6. Determine a(1).
-4
Let r(s) = s**2 + 2*s + 6. Determine r(-4).
14
Let m(o) = o**2 + 10*o - 10. Give m(-10).
-10
Let t(r) = -48*r - 194. Give t(-4).
-2
Let h(u) = 2*u**2 + 20*u + 15. What is h(-10)?
15
Let x(u) = -23*u - 2. What is x(-3)?
67
Let c(f) = f**3 - 34*f**2 + 30*f + 88. Determine c(33).
-11
Let q(u) = -2*u**2 + 16*u - 9. Calculate q(7).
5
Let i(f) = -f**3 - 7*f**2 - 3*f - 2. What is i(-6)?
-20
Let j(q) = 9*q**3 - 2*q**2 - q + 1. Calculate j(2).
63
Let g(d) = -16*d + 4. Calculate g(-1).
20
Let k(v) = v**3 - 14*v**2 + 25*v - 14. Determine k(12).
-2
Let o(a) = -a**3 + 19*a**2 - 20*a + 19. What is o(18)?
-17
Let v(x) = -x**2 - 17*x - 32. Calculate v(-9).
40
Let v(j) = j + 18. Calculate v(-26).
-8
Let m(v) = v**3 + 2*v**2 + 4*v + 2. Calculate m(-2).
-6
Let a(u) = -u**3 + 12*u**2 + 10*u - 11. Determine a(12).
109
Let k(x) = x**2 + 7*x + 4. Calculate k(-10).
34
Let p(z) = -z**3 - 22*z**2 + z + 31. Give p(-22).
9
Let p(h) = -2*h**3 - 9*h**2 + 21*h + 13. What is p(-6)?
-5
Let j(c) = 3*c**3 + 5*c**2 + 4*c + 13. What is j(-4)?
-115
Let r(g) = -4*g. What is r(-2)?
8
Let t(f) = -8*f. Calculate t(-15).
120
Let v(a) = a**3 - 36*a**2 - 118*a + 29. Determine v(39).
-10
Let d(w) = w**2 - 8*w - 27. Calculate d(11).
6
Let v(y) = -2*y**3 - 12*y**2 - 2*y + 14. Determine v(-6).
26
Let j(q) = -2*q**3 - q - 1. Give j(-1).
2
Let b(v) = -v**3 + 8*v**2 - 8*v - 3. Give b(7).
-10
Let k(h) = h - 3. Determine k(-3).
-6
Let h(x) = -x**3 - 17*x**2 - 9. What is h(-17)?
-9
Let o(k) = k**3 - 3*k**2 - 9*k + 16. Calculate o(5).
21
Let f(k) = -k**3 + 12*k**2 - 23*k - 11. Calculate f(10).
-41
Let k(n) = -2*n + 22. Determine k(6).
10
Let m(l) = -l**2 - 17*l + 4. What is m(-17)?
4
Let a(t) = t**3 + 45. Give a(0).
45
Let x(g) = 15*g + 3. Calculate x(1).
18
Let q(w) = -w**3 - 13*w**2 - 4*w + 16. Calculate q(-12).
-80
Let o(f) = -f**2 + 8*f + 5. What is o(8)?
5
Let d(s) = -s**2 + 8*s - 5. Determine d(5).
10
Let s(m) = m + 17. Determine s(-14).
3
Let s(j) = 6*j**2. Determine s(1).
6
Let s(x) = x**2 - 18*x + 32. Calculate s(16).
0
Let d(h) = h**2 - 9*h + 1. Calculate d(10).
11
Let t(s) = -s**3 - 4*s**2 - 2*s - 5. Calculate t(-4).
3
Let x(k) = -3*k**2 - k - 1. Give x(-1).
-3
Let w(y) = -41*y + 325. Calculate w(8).
-3
Let f(v) = v**3 - 35*v**2 + v - 7. Determine f(35).
28
Let k(z) = -z**2 + 10*z + 29. What is k(12)?
5
Let d(b) = -9*b + 6. Calculate d(5).
-39
Let j(c) = -c**2 - 17*c - 13. Give j(-15).
17
Let t(p) = -p**3 - 12*p**2 + 29*p + 15. Determine t(-14).
1
Let r(u) = u**3 + 13*u**2 - 5*u - 26. Give r(-13).
39
Let f(l) = -l**3 - 6*l**2 + 29*l + 4. What is f(-9)?
-14
Let s(o) = o**3 + 6*o**2 + o + 4. What is s(-5)?
24
Let u(i) = i**2 + 11*i + 1. Determine u(-5).
-29
Let f(y) = -y**3 - 12*y**2 - 32*y + 2. Determine f(-8).
2
Let i(m) = 11*m - 3. Give i(5).
52
Let j(u) = -u**3 - 2*u**2 + u - 1. Determine j(-3).
5
Let f(b) = 2*b**2 + 13*b + 7. Determine f(-5).
-8
Let w(k) = 4*k**2 - 4*k - 1. Calculate w(2).
7
Let b(t) = 2*t**2 + 11*t + 21. What is b(-2)?
7
Let u(k) = -4*k**3 + 2*k**2 - 9*k + 7. What is u(1)?
-4
Let b(g) = -2*g**3 - 3*g**2 + 4*g + 5. Determine b(-4).
69
Let q(f) = f**2 + 15*f + 7. Give q(-6).
-47
Let d(g) = 7*g + 31. Calculate d(-4).
3
Let h(v) = 4*v**2 - 130*v - 43. What is h(33)?
23
Let q(h) = -h**2 - 6*h - 6. What is q(-5)?
-1
Let q(o) = o**3 - 13*o**2 + 8*o + 3. Calculate q(11).
-151
Let b(t) = -t**3 + t**2 + 15*t - 10. What is b(6)?
-100
Let i(l) = -l**3 + 7*l**2 + l + 19. Determine i(8).
-37
Let p(g) = g**3 + g**2 - 4. Determine p(-4).
-52
Let q(j) = j**2 - 10*j - 13. Determine q(10).
-13
Let c(g) = -6*g**2 - 36*g. Give c(-6).
0
Let g(c) = -c**3 + 54*c**2 + 2*c - 106. Give g(54).
2
Let i(z) = z**2 - 13*z + 30. What is i(10)?
0
Let d(a) = -18*a + 171. Give d(10).
-9
Let a(i) = -2*i + 11. Give a(-6).
23
Let j(w) = -29*w + 8. What is j(-4)?
124
Let p(o) = -2*o**3 + 7*o**2 - 2*o + 6. Determine p(4).
-18
Let t(y) = y**2 - 11*y + 29. Determine t(7).
1
Let l(i) = -i**3 - 2*i**2 + 6*i - 5. What is l(-5)?
40
Let o(c) = c**3 + 9*c**2 - 17*c - 27. Determine o(-10).
43
Let i(x) = -x**2 - 55*x - 526. Determine i(-12).
-10
Let m(h) = -92*h + 10. What is m(1)?
-82
Let p(v) = -30*v - 202. Give p(-8).
38
Let p(q) = 17*q**3 + 2*q - 2. Give p(1).
17
Let d(s) = s**2 + 6*s + 2. Give d(-6).
2
Let i(y) = y**3 - 13*y**2 + 45*y - 15. What is i(5)?
10
Let d(b) = 10*b - 92. What is d(10)?
8
Let j(b) = -b**2 + 11*b + 23. Determine j(13).
-3
Let z(q) = 2*q**3 + q + 3. What is z(3)?
60
Let f(i) = i**2 + 5*i - 4. Determine f(-8).
20
Let y(d) = -d**2 + 7*d + 2. Calculate y(5).
12
Let f(r) = 